{"id":164,"date":"2020-04-14T11:15:32","date_gmt":"2020-04-14T09:15:32","guid":{"rendered":"http:\/\/yoka.at\/?page_id=164"},"modified":"2021-03-23T11:49:57","modified_gmt":"2021-03-23T10:49:57","slug":"lu-jong","status":"publish","type":"page","link":"https:\/\/yoka.at\/?page_id=164","title":{"rendered":"Lu Jong"},"content":{"rendered":"\n<p><strong>Lu Jong<\/strong> &#8211; tibetisches Heilyoga<\/p>\n\n\n\n<p>Die \u00dcbungen des Lu Jong sind K\u00f6rperbewegungen, welche vor \u00fcber 8000 Jahren in Tibet entstanden sind.<\/p>\n\n\n\n<p>Die tibetische Medizin geht davon aus, dass Krankheiten die Folge eines Ungleichgewichts der Elemente oder Lebenss\u00e4fte sind. Durch die Kombination von Position, Bewegung und Atmung, kann Lu Jong die K\u00f6rperkan\u00e4le \u00f6ffnen und fehlgeleitete Energie mobilisieren. Die Lu Jong \u00dcbungen k\u00f6nnen dazu beitragen, die physische, mentale und energetische Ebene ins Gleichgewicht zu bringe<\/p>\n\n\n\n<p>Die Lu Jong Praxis ist f\u00fcr alle Altersgruppen geeignet, unabh\u00e4ngig von den eigenen k\u00f6rperlichen M\u00f6glichkeiten.&nbsp;Diese Form des Lu Jong stammt aus der \u00dcbertragungslinie von Tulku Lobsang.&nbsp;<\/p>\n\n\n\n<p>M\u00f6gen die \u00dcbungen des Lu Jong das Leiden der Menschen verringern. (Tulku Lobsang)<\/p>\n\n\n\n<figure class=\"wp-block-image size-large is-resized\"><img loading=\"lazy\" decoding=\"async\" src=\"http:\/\/yoka.at\/wp-content\/uploads\/2020\/04\/NMI_LJ_LM04_LuJong_Exercise12_Painting-1024x892.jpg\" alt=\"\" class=\"wp-image-198\" width=\"324\" height=\"282\" srcset=\"https:\/\/yoka.at\/wp-content\/uploads\/2020\/04\/NMI_LJ_LM04_LuJong_Exercise12_Painting-1024x892.jpg 1024w, https:\/\/yoka.at\/wp-content\/uploads\/2020\/04\/NMI_LJ_LM04_LuJong_Exercise12_Painting-300x261.jpg 300w, https:\/\/yoka.at\/wp-content\/uploads\/2020\/04\/NMI_LJ_LM04_LuJong_Exercise12_Painting-768x669.jpg 768w, https:\/\/yoka.at\/wp-content\/uploads\/2020\/04\/NMI_LJ_LM04_LuJong_Exercise12_Painting-1536x1338.jpg 1536w, https:\/\/yoka.at\/wp-content\/uploads\/2020\/04\/NMI_LJ_LM04_LuJong_Exercise12_Painting-2048x1783.jpg 2048w\" sizes=\"auto, (max-width: 324px) 100vw, 324px\" \/><\/figure>\n\n\n\n<p><\/p>\n\n\n\n<p><\/p>\n","protected":false},"excerpt":{"rendered":"<p>Lu Jong &#8211; tibetisches Heilyoga Die \u00dcbungen des Lu Jong sind K\u00f6rperbewegungen, welche vor \u00fcber 8000 Jahren in Tibet entstanden sind. Die tibetische Medizin geht davon aus, dass Krankheiten die Folge eines Ungleichgewichts der Elemente oder Lebenss\u00e4fte sind. Durch die Kombination von Position, Bewegung und Atmung, kann Lu Jong die K\u00f6rperkan\u00e4le \u00f6ffnen und fehlgeleitete Energie<br \/><a class=\"btn btn-tislider blog-readmore\" href=\"https:\/\/yoka.at\/?page_id=164\">Read More<\/a><\/p>\n","protected":false},"author":1,"featured_media":0,"parent":0,"menu_order":0,"comment_status":"closed","ping_status":"closed","template":"","meta":{"footnotes":""},"class_list":["post-164","page","type-page","status-publish","hentry"],"_links":{"self":[{"href":"https:\/\/yoka.at\/index.php?rest_route=\/wp\/v2\/pages\/164","targetHints":{"allow":["GET"]}}],"collection":[{"href":"https:\/\/yoka.at\/index.php?rest_route=\/wp\/v2\/pages"}],"about":[{"href":"https:\/\/yoka.at\/index.php?rest_route=\/wp\/v2\/types\/page"}],"author":[{"embeddable":true,"href":"https:\/\/yoka.at\/index.php?rest_route=\/wp\/v2\/users\/1"}],"replies":[{"embeddable":true,"href":"https:\/\/yoka.at\/index.php?rest_route=%2Fwp%2Fv2%2Fcomments&post=164"}],"version-history":[{"count":3,"href":"https:\/\/yoka.at\/index.php?rest_route=\/wp\/v2\/pages\/164\/revisions"}],"predecessor-version":[{"id":249,"href":"https:\/\/yoka.at\/index.php?rest_route=\/wp\/v2\/pages\/164\/revisions\/249"}],"wp:attachment":[{"href":"https:\/\/yoka.at\/index.php?rest_route=%2Fwp%2Fv2%2Fmedia&parent=164"}],"curies":[{"name":"wp","href":"https:\/\/api.w.org\/{rel}","templated":true}]}}