{"id":68,"date":"2020-03-28T19:11:36","date_gmt":"2020-03-28T18:11:36","guid":{"rendered":"http:\/\/yoka.at\/?page_id=68"},"modified":"2020-04-29T13:19:29","modified_gmt":"2020-04-29T11:19:29","slug":"unterricht","status":"publish","type":"page","link":"https:\/\/yoka.at\/?page_id=68","title":{"rendered":"Unterricht"},"content":{"rendered":"\n<p><strong>in Kleingruppen und Einzelunterricht<\/strong><\/p>\n\n\n\n<p>YOGA F\u00dcR ALLE &#8211; das ist meine Vision<\/p>\n\n\n\n<p>Yoga ist f\u00fcr Alle da, unabh\u00e4ngig von Alter, Geschlecht, Fitness und&nbsp;Bildungsgrad <\/p>\n\n\n\n<p>Diese jahrtausende alte Philosophie und Anleitung f\u00fcr ein gesundes und gl\u00fcckliches Leben, die die Harmonie zwischen K\u00f6rper und Geist zum Ziel hat, kann Jeden hilfreich durchs Leben begleiten.<\/p>\n\n\n\n<p>Yoga ist eine sehr gute Prophylaxe zur Gesunderhalung von K\u00f6rper und Seele. Aber auch bei schon bestehenden Beschwerden, egal ob physisch oder psychisch, kann Yoga sehr viel f\u00fcr Dich tun.<\/p>\n\n\n\n<p>Gerade heutzutage, wo wir uns immer weiter von den Grundlagen des Lebens entfernen, sind die Techniken des Yoga eine wunderbare Unterst\u00fctzung um wieder bei sich anzukommen und sich bewu\u00dft zu werden, was wirklich wichtig ist.<\/p>\n\n\n\n<figure class=\"wp-block-image size-large is-resized\"><img loading=\"lazy\" decoding=\"async\" src=\"https:\/\/yoka.at\/wp-content\/uploads\/2020\/04\/QhmI0bqLSNmCZbnA0VLr3Q_thumb_2374-1024x683.jpg\" alt=\"\" class=\"wp-image-220\" width=\"555\" height=\"370\" srcset=\"https:\/\/yoka.at\/wp-content\/uploads\/2020\/04\/QhmI0bqLSNmCZbnA0VLr3Q_thumb_2374-1024x683.jpg 1024w, https:\/\/yoka.at\/wp-content\/uploads\/2020\/04\/QhmI0bqLSNmCZbnA0VLr3Q_thumb_2374-300x200.jpg 300w, https:\/\/yoka.at\/wp-content\/uploads\/2020\/04\/QhmI0bqLSNmCZbnA0VLr3Q_thumb_2374-768x512.jpg 768w, https:\/\/yoka.at\/wp-content\/uploads\/2020\/04\/QhmI0bqLSNmCZbnA0VLr3Q_thumb_2374.jpg 1086w\" sizes=\"auto, (max-width: 555px) 100vw, 555px\" \/><\/figure>\n\n\n\n<p>Das oberste Prinzip im Yoga &#8211; Ahimsa, die Gewaltlosigkeit &#8211; das nicht nur uns selbst, sondern alle f\u00fchlenden Wesen und die ganze Sch\u00f6pfung umfa\u00dft, ist ein wichtiger Grundgedanke um mit mehr Achtsamkeit und Mitgef\u00fchl unsere Mitwelt so zu sch\u00fctzen und zu erhalten, sodass die Menschheit und auch die \u00fcbrige Sch\u00f6pfung noch lange freudig auf unserem Planeten leben k\u00f6nnen.<\/p>\n\n\n\n<p>Also trau dich mit Yoga zu beginnen und dein Leben zu bereichern.<\/p>\n","protected":false},"excerpt":{"rendered":"<p>in Kleingruppen und Einzelunterricht YOGA F\u00dcR ALLE &#8211; das ist meine Vision Yoga ist f\u00fcr Alle da, unabh\u00e4ngig von Alter, Geschlecht, Fitness und&nbsp;Bildungsgrad Diese jahrtausende alte Philosophie und Anleitung f\u00fcr ein gesundes und gl\u00fcckliches Leben, die die Harmonie zwischen K\u00f6rper und Geist zum Ziel hat, kann Jeden hilfreich durchs Leben begleiten. Yoga ist eine sehr<br \/><a class=\"btn btn-tislider blog-readmore\" href=\"https:\/\/yoka.at\/?page_id=68\">Read More<\/a><\/p>\n","protected":false},"author":1,"featured_media":0,"parent":0,"menu_order":0,"comment_status":"closed","ping_status":"closed","template":"","meta":{"footnotes":""},"class_list":["post-68","page","type-page","status-publish","hentry"],"_links":{"self":[{"href":"https:\/\/yoka.at\/index.php?rest_route=\/wp\/v2\/pages\/68","targetHints":{"allow":["GET"]}}],"collection":[{"href":"https:\/\/yoka.at\/index.php?rest_route=\/wp\/v2\/pages"}],"about":[{"href":"https:\/\/yoka.at\/index.php?rest_route=\/wp\/v2\/types\/page"}],"author":[{"embeddable":true,"href":"https:\/\/yoka.at\/index.php?rest_route=\/wp\/v2\/users\/1"}],"replies":[{"embeddable":true,"href":"https:\/\/yoka.at\/index.php?rest_route=%2Fwp%2Fv2%2Fcomments&post=68"}],"version-history":[{"count":5,"href":"https:\/\/yoka.at\/index.php?rest_route=\/wp\/v2\/pages\/68\/revisions"}],"predecessor-version":[{"id":221,"href":"https:\/\/yoka.at\/index.php?rest_route=\/wp\/v2\/pages\/68\/revisions\/221"}],"wp:attachment":[{"href":"https:\/\/yoka.at\/index.php?rest_route=%2Fwp%2Fv2%2Fmedia&parent=68"}],"curies":[{"name":"wp","href":"https:\/\/api.w.org\/{rel}","templated":true}]}}

<p><strong>in Kleingruppen und Einzelunterricht</strong></p>



<p>YOGA FÜR ALLE &#8211; das ist meine Vision</p>



<p>Yoga ist für Alle da, unabhängig von Alter, Geschlecht, Fitness und&nbsp;Bildungsgrad </p>



<p>Diese jahrtausende alte Philosophie und Anleitung für ein gesundes und glückliches Leben, die die Harmonie zwischen Körper und Geist zum Ziel hat, kann Jeden hilfreich durchs Leben begleiten.</p>



<p>Yoga ist eine sehr gute Prophylaxe zur Gesunderhalung von Körper und Seele. Aber auch bei schon bestehenden Beschwerden, egal ob physisch oder psychisch, kann Yoga sehr viel für Dich tun.</p>



<p>Gerade heutzutage, wo wir uns immer weiter von den Grundlagen des Lebens entfernen, sind die Techniken des Yoga eine wunderbare Unterstützung um wieder bei sich anzukommen und sich bewußt zu werden, was wirklich wichtig ist.</p>



<figure class="wp-block-image size-large is-resized"><img loading="lazy" decoding="async" src="https://yoka.at/wp-content/uploads/2020/04/QhmI0bqLSNmCZbnA0VLr3Q_thumb_2374-1024x683.jpg" alt="" class="wp-image-220" width="555" height="370" srcset="https://yoka.at/wp-content/uploads/2020/04/QhmI0bqLSNmCZbnA0VLr3Q_thumb_2374-1024x683.jpg 1024w, https://yoka.at/wp-content/uploads/2020/04/QhmI0bqLSNmCZbnA0VLr3Q_thumb_2374-300x200.jpg 300w, https://yoka.at/wp-content/uploads/2020/04/QhmI0bqLSNmCZbnA0VLr3Q_thumb_2374-768x512.jpg 768w, https://yoka.at/wp-content/uploads/2020/04/QhmI0bqLSNmCZbnA0VLr3Q_thumb_2374.jpg 1086w" sizes="auto, (max-width: 555px) 100vw, 555px" /></figure>



<p>Das oberste Prinzip im Yoga &#8211; Ahimsa, die Gewaltlosigkeit &#8211; das nicht nur uns selbst, sondern alle fühlenden Wesen und die ganze Schöpfung umfaßt, ist ein wichtiger Grundgedanke um mit mehr Achtsamkeit und Mitgefühl unsere Mitwelt so zu schützen und zu erhalten, sodass die Menschheit und auch die übrige Schöpfung noch lange freudig auf unserem Planeten leben können.</p>



<p>Also trau dich mit Yoga zu beginnen und dein Leben zu bereichern.</p>

<p>in Kleingruppen und Einzelunterricht YOGA FÜR ALLE &#8211; das ist meine Vision Yoga ist für Alle da, unabhängig von Alter, Geschlecht, Fitness und&nbsp;Bildungsgrad Diese jahrtausende alte Philosophie und Anleitung für ein gesundes und glückliches Leben, die die Harmonie zwischen Körper und Geist zum Ziel hat, kann Jeden hilfreich durchs Leben begleiten. Yoga ist eine sehr<br /><a class="btn btn-tislider blog-readmore" href="https://yoka.at/?page_id=68">Read More</a></p>
